-8). What is the units digit of 171/j + (-2)/8?
4
Suppose -17*s = -s - 5056. What is the units digit of s?
6
Suppose 4*c + 16 + 6 = 2*s, -2*c = 8. What is the units digit of (-44)/3*s/(-2)?
2
Suppose -5*h + 620 = 3*d - 5*d, 4*d = -5*h + 620. What is the hundreds digit of h?
1
Suppose s = 2*y - 8, -5*y - 2*s - 10 = 3*s. Let l(j) = -j**2 + 2*j + 1. What is the units digit of l(y)?
1
Let h = 567 + -404. What is the tens digit of h?
6
Let i = -67 + 187. What is the units digit of i?
0
Let y = -84 - -79. Let t(u) = u - 2*u - 2 - 6*u + u**3 + 4*u**2. What is the units digit of t(y)?
8
Let q(h) = h + 4. Let l be q(-8). Let s be (0 - l/(-14))*-7. Let z(g) = g**3 - 2*g. What is the units digit of z(s)?
4
Let z(i) be the second derivative of i**4/12 + i**3/6 - 3*i**2/2 + 3*i. Let m be z(0). Let x = m - -6. What is the units digit of x?
3
Let f = 57 + 37. Suppose -f + 6 = -4*r. Let c = 32 - r. What is the units digit of c?
0
Let l(j) = 6*j**2 + j + 1. Let i be l(-1). Let m = i + -2. What is the units digit of m?
4
Let u be -2 + 1 + (-1 - 0). Let q be (-11*2)/(-1 - u). Let m = q + 31. What is the units digit of m?
9
Suppose 0 = 2*f - 4*j - 272, 7*f - 3*f - 4*j - 536 = 0. What is the units digit of f?
2
What is the units digit of (4 - 1 - 1)/((-1)/(-42))?
4
Suppose 0 = 3*q - 157 - 98. What is the units digit of q?
5
Let v(n) = -n**2 + 5*n - 4. Let x be v(5). Let m be 1/3 - (-140)/30. Let f = m + x. What is the units digit of f?
1
Let p = 22 + -13. What is the units digit of p?
9
Let m = 11 - 3. Let h be ((-4)/(-3))/((80/(-15))/8). Let a = m + h. What is the units digit of a?
6
Suppose 0 = 3*d + 11 - 2. What is the tens digit of d/(9/(-39)) - -1?
1
Let l(g) = -g + 11. Let o be 146/4 - (-2)/(-4). Suppose -f + 5*f = o. What is the units digit of l(f)?
2
What is the units digit of (-540)/(-42)*14/3?
0
Suppose -7*c = -4*c - 27. What is the units digit of c?
9
Let m(n) = -6*n - 1. Let o be m(-2). Suppose -2*p + 63 - o = 0. What is the units digit of p?
6
Let f(x) = -x**3 - 5*x**2 + 4. Suppose 3*d = 2*d + 2. Suppose 3*m - d*q + 6 + 5 = 0, -3*q - 1 = -m. What is the units digit of f(m)?
4
Let i = 17 + -12. Let v(g) be the third derivative of g**6/120 - g**5/12 + g**4/8 - g**3/2 - 3*g**2. What is the units digit of v(i)?
2
Let v be (-14)/(-21) - (-10)/(-6). Let j = v + 1. Suppose j = 3*r - 42 + 15. What is the units digit of r?
9
Let i be -5 - -2 - (-4 + 1). Suppose i = -3*b + b + 10. What is the units digit of ((-3)/b)/((-1)/5)?
3
Let p(g) = -2*g**2 - 4*g. Suppose -3*a - 11 + 2 = 0. Let r be p(a). Let l = -3 - r. What is the units digit of l?
3
Let q = -3 + 2. Let h = q - -10. What is the units digit of h?
9
Let r = 9 - 5. Suppose 12 = -d - 0*p - 2*p, -4*p - 30 = 5*d. Let o = r - d. What is the units digit of o?
6
Let v = 28 + -59. Let x = -47 - v. Let d = x - -24. What is the units digit of d?
8
Suppose -4 = -4*j - 0*j. Suppose -3 - j = 2*w. Let v(m) = -2*m + 1. What is the units digit of v(w)?
5
Let c(r) = 13*r**2 - 4*r - 4. What is the units digit of c(5)?
1
Let t = -33 + 56. What is the units digit of t?
3
Suppose -k + 18 = -z + 4*k, -4*k + 23 = -z. Let q = z - -61. What is the tens digit of q?
1
Suppose -o + 2 = -3*c + 14, 2*o - 8 = -2*c. Let f be 2 - (1 - o)*4. Let k = 0 - f. What is the units digit of k?
2
Let o = -20 - -62. What is the units digit of o?
2
Let c be -1 - ((-2 - 4) + 2). Suppose 20 = c*d + d. What is the units digit of d?
5
Let i be (-1)/7 + (-135)/35. What is the tens digit of (78/24)/((-1)/i)?
1
Suppose -1206 - 228 = -6*a. What is the tens digit of a?
3
Suppose 0 = 2*p - 0*p + 4*i - 286, -469 = -3*p + 4*i. What is the units digit of p?
1
Suppose -5*c = 5*o - 215, -4*c - 30 - 3 = -o. What is the units digit of o?
1
Let r(a) = a**3 + 4*a**2 - 3. Let c be r(-3). Suppose 0 = c*y - y - 2*f - 3, 5 = 5*f. What is the units digit of y?
1
Suppose -k = 4*k - 140. What is the tens digit of k?
2
Let p(g) = g**3 + 5*g**2 + 4*g. Let x be p(-4). Suppose 3*z + 0*z + 4*d - 53 = x, 0 = z + d - 17. What is the tens digit of z?
1
Let v = 26 + -4. What is the units digit of v?
2
Suppose -2*c = -5*r + 351, r = 2*r - c - 69. What is the units digit of r?
1
What is the hundreds digit of (1436/8 - 3/(-2))/1?
1
Suppose 6*t - 118 = 4*t. What is the units digit of t?
9
Suppose -40 = 6*n - n. Let u = n - -15. What is the units digit of u?
7
Let f(j) = j**3 + 4*j**2. Let a be f(-4). Suppose a = u - 0 - 212. What is the units digit of 2/9 + u/18?
2
Suppose 0 = 4*d + y + 10, -5*y - 5 = -5*d - 30. Let j(o) = -o + 2. What is the units digit of j(d)?
5
Suppose 7 = -4*x + 4*t - 9, x = -2*t - 4. What is the tens digit of (0 - 2)*(x - 22)?
5
Suppose 5*s = -2*j + 22, 0 = -4*j + 8*j + 5*s - 24. What is the tens digit of (-273)/(-15) - j/5?
1
Let k = -28 - -16. Let z = 13 + k. What is the units digit of z?
1
Suppose -k = k + 3*u - 131, 0 = -3*u + 15. What is the tens digit of k?
5
Let j(o) = 3*o**2 - 2*o - 1. Let s be j(2). Suppose 0 = -w - 3*w + 8. Suppose -v - s = -w*v. What is the units digit of v?
7
Let z be -13 - ((1 - 1) + -1). Let n be (-6)/5*40/z. Suppose -4*i = 21 - 1, 4*u + n*i + 12 = 0. What is the units digit of u?
2
Suppose 0 = -4*o + 3 + 5. What is the units digit of -1*1*(-8 - o)?
0
Let b(m) = 3*m - 9. What is the units digit of b(4)?
3
Let g(y) = -8*y**3 - 13*y + 8. Let j(l) = 2*l**3 + 3*l - 2. Let x(z) = z**2. Let b be x(3). Let s(h) = b*j(h) + 2*g(h). What is the tens digit of s(2)?
1
Suppose 0 = -2*w + 4*l + 54, -2*w - 5*l + 28 = 1. What is the units digit of (w/14)/((-3)/(-8))?
4
Suppose -2*b = 8, -2*d - b - 1 = 3. Suppose -3*q - 2 + 11 = d. Suppose 2*r - q*h = 31, 0*h - 5*h = r - 22. What is the units digit of r?
7
Suppose 6*t - 3*t = 36. Suppose l - 2*y = 5*l - t, 4*l = 2*y + 20. Suppose l*c - 4 = -4*w, -c - 3*w - 5 + 6 = 0. What is the units digit of c?
1
Suppose 2*v - 27 = -5. Let p = v + 2. What is the tens digit of p?
1
Suppose 2*m = -x + 849, -1039 = -3*m - 3*x + 230. What is the hundreds digit of m?
4
Suppose -3*g + j + 49 = -17, -5*g + 5*j = -100. What is the units digit of g?
3
What is the units digit of ((0 - -57) + 1)/(-2 - -4)?
9
Let d = 8 - -30. Suppose -r = r - d. What is the units digit of r?
9
Suppose y = 5*z - 22, -2*z + 18 = -0*z - 5*y. What is the units digit of z?
4
Suppose 5*o + 0*o - 45 = 0. Let z = 15 - o. Let g = z + -4. What is the units digit of g?
2
Suppose -2*t + 4*p + 980 = -0*t, -2*t + 978 = -3*p. What is the units digit of t/10 + (-4)/(-10)?
9
Let s = 16 - -7. Suppose 2*d = l - s, 0*d = -2*l + d + 37. What is the units digit of l?
7
Suppose 0 = -5*z - k + 136, -2*k = -3*z + 2*k + 77. Let a = -9 + z. What is the tens digit of a?
1
Let o(w) = 8*w**2 - 17*w + 16. What is the tens digit of o(7)?
8
Let r = -8 - -50. What is the units digit of r?
2
Let f = 3278 - 1328. Let d be f/8 + 1/4. What is the units digit of (-4)/(-18) - d/(-36)?
7
Let l = 1 - 0. Let m = l - 2. Let i = 3 + m. What is the units digit of i?
2
Suppose -t - 3*t + 4*u - 20 = 0, 4*u = 20. Suppose t = 5*k - 14 - 1. What is the units digit of k?
3
Let u = 115 + -223. What is the units digit of (u/10)/((-9)/45)?
4
Let t be 39/52*8/3. Suppose -2 = -2*r - 0, 4*r + 10 = t*s. What is the units digit of s?
7
Let q(a) = a**3 + 6*a**2 - a. Let w(s) = -6*s**2 + 2*s + 2. Let x be w(-1). What is the units digit of q(x)?
6
Suppose 3*b = -0*b + 294. Suppose 0*f + 2*c + b = 2*f, -2 = c. What is the tens digit of f?
4
Let r = 9 + -3. Let y be 5 - (0 - (3 - r)). Suppose y*t + t - 18 = 0. What is the units digit of t?
6
Suppose -3*w - 228 = 4*f, 2*f + 149 - 45 = w. What is the units digit of (1/(-2))/(3/f)?
9
Let q = 0 - -4. Suppose 1 = -q*f - 55. Let p = -10 - f. What is the units digit of p?
4
Let n(h) = 6*h + 2. Let i be n(-2). What is the units digit of i*3/12*-2?
5
Let f(d) = -d**2 + 9*d - 10. Let n be f(7). Suppose -n*z - 40 = -6*z. What is the tens digit of z?
2
Let w(s) = -s + 5. What is the units digit of w(0)?
5
Let y be (6/(-5))/(9/(-30)). What is the units digit of 34/y*(7 - 5)?
7
Suppose -172 = -5*v + 3. Let f be 10/v + (-46)/14. What is the units digit of (1 + 0)/(f/(-12))?
4
Let g be 1*10*(-3)/(-6). Suppose -2*y - g*p - 2 = 0, 5*y + 16 = y - 4*p. What is the units digit of (-2 + y/(-4))*-2?
1
Suppose 0 = -5*w + 4*z + 125, 9*z - 83 = -2*w + 4*z. What is the tens digit